 = h + 41. Suppose 5 = -5*n, 3*g = 5*n + q + 129. What is the tens digit of g?
7
Let s be ((-56)/(-3) + 0)/(8/24). Suppose -30 = -51*f + s*f. Let b(l) = -3*l**2 - 27*l + 4. What is the units digit of b(f)?
8
Let l(p) = p**2 - 23*p - 27. Let q be l(24). Let i be 6 + 65 + q/(-1). Let y = i + 40. What is the tens digit of y?
1
What is the thousands digit of 2/(-5) - 3130468/(-220)?
4
Suppose -2*p + 35 = b, 5*b - 114 = -5*p + 66. Let d(q) = -b*q - 132*q + 87*q. What is the tens digit of d(-1)?
8
Suppose -2 = 2*i - 4. Let d(p) = 68*p + 37*p**2 - 157*p - 2 + 87*p + 3. What is the tens digit of d(i)?
3
Suppose -s - 59 = 127. Let r = 32 - s. Suppose -2*w + 144 = -2*b - 8, -3*w = -5*b - r. What is the units digit of w?
1
Let n be 170 + (-1 - 4) + -8. What is the units digit of 35/42*n*6?
5
Suppose 113663 = 138*c - 290921 - 1054628. What is the tens digit of c?
7
Let y be 90/36*(-2)/(-5). Suppose m - 2 - y = 0. Suppose -m*p - 135 = -8*p. What is the tens digit of p?
2
Let z = 102950 + -71653. What is the hundreds digit of z?
2
Let g(f) = -79*f + 12. Suppose -3*x - 9 = -4*p, 2*p = -5*x - 2*p - 15. Let i be g(x). Suppose 0*w + 3*w = i. What is the units digit of w?
3
Let j(g) = 3*g**3 + 14*g**2 - 10*g + 36. Let k(s) = -s**3 - 20*s**2 + 98*s + 55. Let l be k(-24). What is the thousands digit of j(l)?
1
Let g = -5033 + 2859. What is the tens digit of (-184)/(-414) + g/(-9)?
4
Let n = -28 + 28. Suppose n = 5*i - 1515 - 5180. What is the units digit of i?
9
Let m(p) = p**3 - 10*p**2 - 11*p + 7. Let j be m(11). Suppose 9 = -j*u + 65. What is the units digit of (32/(-12))/(u/(-252))?
4
Let d = 33445 - 13824. What is the hundreds digit of d?
6
What is the ten thousands digit of 3/33 + 2249156/154 + -11?
1
Suppose 7*s - 11*s = -r - 48585, -2*r + 60741 = 5*s. What is the tens digit of s?
4
Suppose -9*i + 2*s - 79364 = -282368, -4*s - 45112 = -2*i. What is the ten thousands digit of i?
2
Suppose -2*x - 3*h - 9 = 0, 7*x + 5*h + 15 = 5*x. Let u(t) = t**3 - t**2 + 46. Let q be u(x). Let b = 125 - q. What is the tens digit of b?
7
Let w(r) = 727*r + 1444. What is the thousands digit of w(12)?
0
Let k(b) = -160*b + 1682. What is the thousands digit of k(-30)?
6
Let a(b) = 84*b**2 + 254*b + 4572. What is the thousands digit of a(-19)?
0
Let a = 39 - 20. Suppose -a*k = -26 - 88. Suppose 0 = k*o - 598 - 878. What is the hundreds digit of o?
2
Let u be (-507)/(-57) + (-14)/(-133). Suppose -4*j + u*j - q = 3273, j - 639 = -5*q. Suppose 12*y - j = 9*y. What is the hundreds digit of y?
2
Let c be (18/(-63))/((-2)/28). Suppose 0 = c*p - 6 + 2. What is the tens digit of -4 - (30*-3)/p?
8
Suppose 47943 = 5*a - 4*u, 19180 = 7*a - 5*a - 3*u. Suppose -25358 + a = -21*c. What is the units digit of c?
1
Suppose -42 - 750 = -44*z. Suppose 4*y - 13 - 11 = 0. What is the units digit of ((-66)/z)/11 + 1118/y?
6
Let q = 49 + -46. Suppose 0 = k - q*k + 4, 3*v - 4*k = -92. What is the units digit of (-18 - v) + -1*3?
7
Let l(k) = 4*k**3 - 7*k**2 + 4*k + 36. Let p(j) = 17*j**3 - 27*j**2 + 17*j + 143. Let v(b) = 9*l(b) - 2*p(b). What is the units digit of v(7)?
7
Let w(v) = -v**2 - 9*v + 9. Let q(p) = -3*p + 7. Let b be q(0). Let f be w(b). Let t = 156 + f. What is the units digit of t?
3
Suppose 16549*u - 195810 = 16544*u. What is the units digit of u?
2
Let q = 26547 - 8805. What is the hundreds digit of q?
7
Let i(k) = 700*k**2 + 12*k - 5. Let b(y) = -233*y**2 - 4*y + 2. Let r(z) = 17*b(z) + 6*i(z). What is the tens digit of r(-1)?
3
Let v(r) = -1509*r + 9091. What is the ten thousands digit of v(-16)?
3
Let f(o) = 557*o + 1066. What is the thousands digit of f(15)?
9
Let v = -12393 - -25819. What is the tens digit of v?
2
Suppose -2*q + 549 + 424 = -3*p, 4*q - p - 1971 = 0. Suppose -8*y + 762 = -q. What is the units digit of y?
7
Suppose 4*r + 40 = -48. Let o(q) = -q - 13. Let p be o(4). Let d = p - r. What is the units digit of d?
5
Suppose 0 = -4*i - 12, 5*p = -0*p - 3*i - 84. What is the tens digit of (-1)/2 + ((-121080)/16)/p?
0
Suppose 4 = 3*m - 5. Suppose 3*x - m = 9. Suppose 0 = 3*q - 13 + x. What is the units digit of q?
3
Suppose 3*s = 79 + 353. Let f = 47 + s. What is the tens digit of f?
9
Suppose 6*g + 5 - 5 = 0. Suppose 4*i = -4*s - g*s + 780, 3*s = i + 565. What is the units digit of (s/15)/(6/9)?
9
Suppose -i + 16 = 3*k, 2*k - 40 = -3*k - 5*i. Let d be (-33192)/(-60) + k/5. Suppose -d = -4*t - 194. What is the tens digit of t?
9
Let u be ((-49)/14 - -4)/(2/8). What is the tens digit of (3096/90)/(u/85)?
6
Let i(c) = 34*c**2 + 34*c - 10. Let m be i(-6). What is the tens digit of 18/(-63) + m/7?
4
Let d = 364 + -606. Let a be (-1)/((-3)/6) + d/(-2). Suppose -a = -3*z + 123. What is the units digit of z?
2
Let m(s) = -3*s - 41. Let q be m(-15). Suppose -4*u = 2*n, -12 = -2*n - 2*n + q*u. What is the tens digit of (3 - 4/2) + 258/n?
3
What is the hundreds digit of 3441 - (9 - -5) - -4?
4
Let t = 60 + -37. Suppose 3*b - 88*b = -2380. Suppose 705 = -t*m + b*m. What is the units digit of m?
1
Suppose -5 = -o + 27. Suppose -o*n = -38*n + 7602. Suppose 0 = -y + 8*y - n. What is the units digit of y?
1
Let g(v) = 795*v**2 - 149*v - 445. What is the thousands digit of g(-3)?
7
Suppose i - d - 66 = 0, i + 3*d - 28 = 26. Suppose 20*z = -5*z + 50. Suppose z*f = 5*f - i. What is the tens digit of f?
2
Suppose 4*v - a - 32706 = 20495, 3*v = 3*a + 39912. What is the thousands digit of v?
3
Suppose 39*s = 280507 - 51304. What is the units digit of s?
7
Let h = 367 + 470. Suppose 5*a - h = c, -2*c - 99 = -a + 63. What is the units digit of a?
8
Let x(t) = 74*t**2 - 4*t + 3. Suppose -3*j = -4*d + 8*d - 3, -4*j + 4 = 3*d. Let m be x(j). Let q = m - 38. What is the units digit of q?
5
Suppose 2*n - 112 = 5*j, 4*j + 45 = 2*j + n. What is the hundreds digit of (-4)/j - (-72198)/154?
4
Let p(m) be the first derivative of 2*m**3/3 + 17*m**2/2 + 14*m + 20. What is the units digit of p(-13)?
1
Suppose y = -4*t - 5, -4*y - t + 11 - 1 = 0. Suppose -j - s = -891, -y*s + 25 = 2*s. What is the hundreds digit of j?
8
Let x(z) = -10*z - 4. Let d be x(5). Suppose -4*k - 5*c + 2 = 73, k + 4*c = -4. Let a = k - d. What is the units digit of a?
0
Suppose 0 = 2*q + 2*w + 30, -4*q + 5*q + 9 = w. Let z be (-6)/(-9) - 472/q. Suppose 0 = -o + z + 42. What is the tens digit of o?
8
Suppose 0 = -22*d + 8 + 124. Let o(a) = 4*a**3 + 4*a**2 - 15*a - 12. What is the tens digit of o(d)?
0
Let v(k) be the second derivative of k**4/4 - 19*k**3/6 - 8*k**2 + 5*k. Let g(z) be the first derivative of v(z). What is the tens digit of g(13)?
5
Let y(d) = 3*d**3 - 3*d**2 - 18*d + 62. Suppose 11*i + 4*i - 90 = 0. What is the tens digit of y(i)?
9
Suppose -5*w + 3*a + 4497 = -7207, 3*w = -2*a + 7011. What is the tens digit of w?
3
Let f(a) = 4*a**2 - 16*a + 5. Suppose 8*b + 12 = 11*b. Let q be f(b). Suppose -q*g = -739 - 66. What is the tens digit of g?
6
Let z = 8442 + -3877. What is the units digit of z?
5
Let n = -511 + 513. Let l be (-34)/(-6) - 4/6. Suppose 7*o + 4*t = 4*o + 400, l*o = -n*t + 662. What is the hundreds digit of o?
1
Let g(l) = 5*l**2 - 2*l + 37. Let s be 65/7 + (-16)/56. What is the hundreds digit of g(s)?
4
Let g(h) = -h + 26. Let u be 150/14 - (-18)/63. Let l be g(u). What is the units digit of (2 + 40/l)/((-4)/(-102))?
9
Let c = 278 - 276. Suppose c*j - 115 = 291. What is the units digit of j?
3
Let l(v) = 3*v**2 - 4*v**2 + v**3 - 8*v**2 - 4*v**2 - 3 + 18*v. Let b be l(13). Suppose 3*y - b = -q - 2*q, 5*q - 409 = 3*y. What is the tens digit of q?
8
Let l(v) = 111*v**2 + 14*v + 90. What is the units digit of l(7)?
7
Let t = -190 - -211. Suppose t*o = 78*o - 10317. What is the tens digit of o?
8
Let z(x) = 4*x**2 - 1. Let k be z(1). Let p(m) = -4*m - 60 + 61 + k*m**2 + 8*m. What is the hundreds digit of p(6)?
1
Suppose 132 = -11*s - 319. Suppose 13 + 31 = -v. Let f = s - v. What is the units digit of f?
3
Let n be 1*-13*(7 + -24). Suppose 13*p = 14*p - n. What is the tens digit of p?
2
Suppose 38*j = 32*j - 396. Let y = j + 152. What is the units digit of y?
6
Let g(u) = 10917*u + 323. What is the ten thousands digit of g(2)?
2
What is the thousands digit of -4 + 30562 - (9 + -26)?
0
Let h(k) = -9*k - 65*k + 51*k - 73 + 12*k**2. What is the hundreds digit of h(-11)?
6
What is the tens digit of (-82660)/(-60)*(